{"id":10655,"date":"2026-02-06T02:03:49","date_gmt":"2026-02-06T01:03:49","guid":{"rendered":"https:\/\/agroinco.com.bo\/website\/?post_type=product&#038;p=10655"},"modified":"2026-02-06T02:05:16","modified_gmt":"2026-02-06T01:05:16","slug":"mixer-vertical-doble-mvd-25-1","status":"publish","type":"product","link":"https:\/\/agroinco.com.bo\/website\/producto\/mixer-vertical-doble-mvd-25-1\/","title":{"rendered":"MIXER VERTICAL DOBLE MVD 25\/1"},"content":{"rendered":"<div class=\"wpb-content-wrapper\"><p>[vc_row][vc_column][vc_column_text css=\u00bb\u00bb woodmart_inline=\u00bbno\u00bb text_larger=\u00bbno\u00bb]Capacidad 25m3 (volumen caja mezcladora). Eje simple 4 ruedas (para cubiertas alta flotaci\u00f3n 400-55-22,5 16 Telas y 500-45-22,5 16 Telas. Sistema de corte de rollo y mezclado a trav\u00e9s de dos sinfines verticales c\/10 cuchillas de corte cada uno. Accionado con caja reductora a engranajes con sistema planetario de reducci\u00f3n en ba\u00f1o de aceite a trav\u00e9s de una caja de velocidades.[\/vc_column_text]<div id=\"wd-69853e3f589dd\" class=\" wd-rs-69853e3f589dd vc_custom_1770339912369 wd-button-wrapper text-center\"><a href=\"https:\/\/agroinco.com.bo\/website\/wp-content\/uploads\/2026\/02\/Mixer-vertical-MVD-25-1-Flex.mp4\" title=\"\" target=\"_blank\" class=\"btn btn-style-3d btn-shape-rectangle btn-size-default\">DESCARGAR PDF<\/a><\/div>\t\t<div class=\"wd-el-video wd-wpb wd-rs-69853dc59b1e2 wd-action-without wd-video-hosted wd-with-aspect-ratio\">\n\t\t\t\t\t\t\t<video src=\"https:\/\/agroinco.com.bo\/website\/wp-content\/uploads\/2026\/02\/Mixer-vertical-MVD-25-1-Flex.mp4\" playsinline loop muted controls autoplay><\/video>\t\t\t\n\t\t\t\n\t\t\t\n\t\t\t\t\t<\/div>\n\t\t[\/vc_column][\/vc_row]<\/p>\n<\/div>","protected":false},"excerpt":{"rendered":"<p>[vc_row][vc_column][vc_column_text css=\u00bb\u00bb woodmart_inline=\u00bbno\u00bb text_larger=\u00bbno\u00bb]Capacidad 25m3 (volumen caja mezcladora). Eje simple 4 ruedas (para cubiertas alta flotaci\u00f3n 400-55-22,5 16 Telas y<\/p>\n","protected":false},"featured_media":10658,"template":"","meta":[],"product_brand":[],"product_cat":[137],"product_tag":[228,227,220],"class_list":{"0":"post-10655","1":"product","2":"type-product","3":"status-publish","4":"has-post-thumbnail","6":"product_cat-segadoras-y-mixer","7":"product_tag-lecheria","8":"product_tag-mixer","9":"product_tag-montecor","11":"first","12":"instock","13":"shipping-taxable","14":"product-type-simple"},"_links":{"self":[{"href":"https:\/\/agroinco.com.bo\/website\/wp-json\/wp\/v2\/product\/10655","targetHints":{"allow":["GET"]}}],"collection":[{"href":"https:\/\/agroinco.com.bo\/website\/wp-json\/wp\/v2\/product"}],"about":[{"href":"https:\/\/agroinco.com.bo\/website\/wp-json\/wp\/v2\/types\/product"}],"wp:featuredmedia":[{"embeddable":true,"href":"https:\/\/agroinco.com.bo\/website\/wp-json\/wp\/v2\/media\/10658"}],"wp:attachment":[{"href":"https:\/\/agroinco.com.bo\/website\/wp-json\/wp\/v2\/media?parent=10655"}],"wp:term":[{"taxonomy":"product_brand","embeddable":true,"href":"https:\/\/agroinco.com.bo\/website\/wp-json\/wp\/v2\/product_brand?post=10655"},{"taxonomy":"product_cat","embeddable":true,"href":"https:\/\/agroinco.com.bo\/website\/wp-json\/wp\/v2\/product_cat?post=10655"},{"taxonomy":"product_tag","embeddable":true,"href":"https:\/\/agroinco.com.bo\/website\/wp-json\/wp\/v2\/product_tag?post=10655"}],"curies":[{"name":"wp","href":"https:\/\/api.w.org\/{rel}","templated":true}]}}