{"id":10673,"date":"2026-02-06T02:35:34","date_gmt":"2026-02-06T01:35:34","guid":{"rendered":"https:\/\/agroinco.com.bo\/website\/?post_type=product&#038;p=10673"},"modified":"2026-02-06T02:35:34","modified_gmt":"2026-02-06T01:35:34","slug":"cabezal-maicero","status":"publish","type":"product","link":"https:\/\/agroinco.com.bo\/website\/producto\/cabezal-maicero\/","title":{"rendered":"CABEZAL MAICERO"},"content":{"rendered":"<div class=\"wpb-content-wrapper\"><p>[vc_row][vc_column][vc_column_text css=\u00bb\u00bb woodmart_inline=\u00bbno\u00bb text_larger=\u00bbno\u00bb]\u00d3ptimo rendimiento en cualquier lugar.<\/p>\n<p>Los cabezales maiceros Ma\u00edzco permiten la regulaci\u00f3n adecuada de la maquinaria para satisfacer las condiciones de cultivo particulares de cada productor y lograr una buena recolecci\u00f3n. Calidad, versatilidad y capacidad de adaptaci\u00f3n hacen de estos cabezales un aliado fundamental para maximizar resultados.<\/p>\n<p>Rolos espigadores: de 4 placas afiladas para triturar los tallos, o de 6 placas de acero, para un rastrojo m\u00e1s alto.<\/p>\n<p>Cadenas alzadoras de 52 eslabones: permiten llegar m\u00e1s abajo que con cualquier otro cabezal maicero.<\/p>\n<p>Ruedas tensoras: de alta durabilidad, forjadas y tratadas t\u00e9rmicamente.<\/p>\n<p>Nuevos zafes individuales: aseguran la protecci\u00f3n de los elementos mec\u00e1nicos.<\/p>\n<p>Cajas de fundici\u00f3n de aluminio: disminuyen el peso total de la m\u00e1quina.<\/p>\n<p>Placas espigadoras: presentan bordes endurecidos para prolongar la vida \u00fatil. Su regulaci\u00f3n centralizada es accionada por un actuador el\u00e9ctrico o hidr\u00e1ulico. Desde la cabina se puede modificar la apertura de estas placas, obteniendo la m\u00e1xima performance en cultivos de condiciones variables.<\/p>\n<p>Adaptador: logra una entrega suave y uniforme al acarreador. Permite regular el \u00e1ngulo de ataque del cabezal mediante una simple operaci\u00f3n, para adaptarlo a las condiciones de cultivo. Es intercambiable; se puede ajustar f\u00e1cilmente a cualquier marca y modelo de cosechadora.<\/p>\n<p>Punteras y capots: de nuevo dise\u00f1o, con regulaci\u00f3n de altura y plegado para transporte e inspecci\u00f3n. Disponibles en chapa o polietileno.<\/p>\n<p>Opcionales: copiador de terreno y piloto autom\u00e1tico. Se pueden seleccionar en la configuraci\u00f3n personalizada.[\/vc_column_text][vc_single_image image=\u00bb10674&#8243; img_size=\u00bbfull\u00bb alignment=\u00bbcenter\u00bb css=\u00bb\u00bb parallax_scroll=\u00bbno\u00bb woodmart_inline=\u00bbno\u00bb][\/vc_column][\/vc_row]<\/p>\n<\/div>","protected":false},"excerpt":{"rendered":"<p>[vc_row][vc_column][vc_column_text css=\u00bb\u00bb woodmart_inline=\u00bbno\u00bb text_larger=\u00bbno\u00bb]\u00d3ptimo rendimiento en cualquier lugar. Los cabezales maiceros Ma\u00edzco permiten la regulaci\u00f3n adecuada de la maquinaria para<\/p>\n","protected":false},"featured_media":10675,"template":"","meta":[],"product_brand":[],"product_cat":[124],"product_tag":[238,239,240,241,242],"class_list":{"0":"post-10673","1":"product","2":"type-product","3":"status-publish","4":"has-post-thumbnail","6":"product_cat-maiceros-y-remolques","7":"product_tag-cabezal","8":"product_tag-cabezales","9":"product_tag-cosecha","10":"product_tag-maiz","11":"product_tag-maizco","13":"first","14":"onbackorder","15":"shipping-taxable","16":"product-type-simple"},"_links":{"self":[{"href":"https:\/\/agroinco.com.bo\/website\/wp-json\/wp\/v2\/product\/10673","targetHints":{"allow":["GET"]}}],"collection":[{"href":"https:\/\/agroinco.com.bo\/website\/wp-json\/wp\/v2\/product"}],"about":[{"href":"https:\/\/agroinco.com.bo\/website\/wp-json\/wp\/v2\/types\/product"}],"wp:featuredmedia":[{"embeddable":true,"href":"https:\/\/agroinco.com.bo\/website\/wp-json\/wp\/v2\/media\/10675"}],"wp:attachment":[{"href":"https:\/\/agroinco.com.bo\/website\/wp-json\/wp\/v2\/media?parent=10673"}],"wp:term":[{"taxonomy":"product_brand","embeddable":true,"href":"https:\/\/agroinco.com.bo\/website\/wp-json\/wp\/v2\/product_brand?post=10673"},{"taxonomy":"product_cat","embeddable":true,"href":"https:\/\/agroinco.com.bo\/website\/wp-json\/wp\/v2\/product_cat?post=10673"},{"taxonomy":"product_tag","embeddable":true,"href":"https:\/\/agroinco.com.bo\/website\/wp-json\/wp\/v2\/product_tag?post=10673"}],"curies":[{"name":"wp","href":"https:\/\/api.w.org\/{rel}","templated":true}]}}