{"id":10701,"date":"2026-02-06T03:58:14","date_gmt":"2026-02-06T02:58:14","guid":{"rendered":"https:\/\/agroinco.com.bo\/website\/?post_type=product&#038;p=10701"},"modified":"2026-02-06T05:29:09","modified_gmt":"2026-02-06T04:29:09","slug":"metalfor-7040","status":"publish","type":"product","link":"https:\/\/agroinco.com.bo\/website\/producto\/metalfor-7040\/","title":{"rendered":"METALFOR 7040"},"content":{"rendered":"<div class=\"wpb-content-wrapper\"><p>[vc_row][vc_column][vc_column_text css=\u00bb\u00bb woodmart_inline=\u00bbno\u00bb text_larger=\u00bbno\u00bb]<strong>Pulverizadora autopropulsada Metalfor 7040<\/strong>, con motor Cummins delantero de 152 HP, transmisi\u00f3n mec\u00e1nica, tanque de 3.750 litros y botal\u00f3n basculante trasero de 32 metros.[\/vc_column_text]<div id=\"wd-6985586d64167\" class=\" wd-rs-6985586d64167 vc_custom_1770346631797 wd-button-wrapper text-center\"><a href=\"https:\/\/agroinco.com.bo\/website\/wp-content\/uploads\/2026\/02\/Pulverizadora-7040.pdf\" title=\"\" target=\"_blank\" class=\"btn btn-style-3d btn-shape-rectangle btn-size-default\">DESCARGAR PDF<\/a><\/div>\t\t<div class=\"wd-el-video wd-wpb wd-rs-6985588f50a61 wd-action-without wd-video-hosted wd-with-aspect-ratio\">\n\t\t\t\t\t\t\t<video src=\"https:\/\/agroinco.com.bo\/website\/wp-content\/uploads\/2026\/02\/Metalfor-Pulverizadora-Autopropulsada-M7040.mp4\" playsinline loop muted controls autoplay><\/video>\t\t\t\n\t\t\t\n\t\t\t\n\t\t\t\t\t<\/div>\n\t\t[\/vc_column][\/vc_row]<\/p>\n<\/div>","protected":false},"excerpt":{"rendered":"<p>Pulverizadora autopropulsada.<\/p>\n","protected":false},"featured_media":10703,"template":"","meta":[],"product_brand":[],"product_cat":[126],"product_tag":[206,251,253,212,254],"class_list":{"0":"post-10701","1":"product","2":"type-product","3":"status-publish","4":"has-post-thumbnail","6":"product_cat-autopropulsadas-y-arrastre","7":"product_tag-fumigacion","8":"product_tag-fumigadoras","9":"product_tag-metalfor","10":"product_tag-pulverizacion","11":"product_tag-tecnologia","13":"first","14":"instock","15":"shipping-taxable","16":"product-type-simple"},"_links":{"self":[{"href":"https:\/\/agroinco.com.bo\/website\/wp-json\/wp\/v2\/product\/10701","targetHints":{"allow":["GET"]}}],"collection":[{"href":"https:\/\/agroinco.com.bo\/website\/wp-json\/wp\/v2\/product"}],"about":[{"href":"https:\/\/agroinco.com.bo\/website\/wp-json\/wp\/v2\/types\/product"}],"wp:featuredmedia":[{"embeddable":true,"href":"https:\/\/agroinco.com.bo\/website\/wp-json\/wp\/v2\/media\/10703"}],"wp:attachment":[{"href":"https:\/\/agroinco.com.bo\/website\/wp-json\/wp\/v2\/media?parent=10701"}],"wp:term":[{"taxonomy":"product_brand","embeddable":true,"href":"https:\/\/agroinco.com.bo\/website\/wp-json\/wp\/v2\/product_brand?post=10701"},{"taxonomy":"product_cat","embeddable":true,"href":"https:\/\/agroinco.com.bo\/website\/wp-json\/wp\/v2\/product_cat?post=10701"},{"taxonomy":"product_tag","embeddable":true,"href":"https:\/\/agroinco.com.bo\/website\/wp-json\/wp\/v2\/product_tag?post=10701"}],"curies":[{"name":"wp","href":"https:\/\/api.w.org\/{rel}","templated":true}]}}