{"id":10808,"date":"2026-02-06T14:11:10","date_gmt":"2026-02-06T13:11:10","guid":{"rendered":"https:\/\/agroinco.com.bo\/website\/?post_type=product&#038;p=10808"},"modified":"2026-02-06T14:11:40","modified_gmt":"2026-02-06T13:11:40","slug":"avatar-pro","status":"publish","type":"product","link":"https:\/\/agroinco.com.bo\/website\/producto\/avatar-pro\/","title":{"rendered":"AVATAR PRO"},"content":{"rendered":"<div class=\"wpb-content-wrapper\"><p>[vc_row][vc_column][vc_column_text css=\u00bb\u00bb woodmart_inline=\u00bbno\u00bb text_larger=\u00bbno\u00bb]Tipo de producto: FUNGICIDA<\/p>\n<p>Composici\u00f3n Qu\u00edmica<\/p>\n<p>AZOXISTROBIN &#8230;&#8230;&#8230;&#8230;&#8230; 160 g\/l.<\/p>\n<p>PROTIOCONAZOLE &#8230;&#8230;.. 150 g\/l.<\/p>\n<p>CIPROCONAZOLE &#8230;&#8230;&#8230;&#8230;. 50 g\/l.<\/p>\n<p>AVATAR PRO es un fungicida sist\u00e9mico, de amplio espectro, compuesto por tres ingredientes activos de distinto modo de acci\u00f3n. Tiene efecto preventivo, curativo y erradicante. El Ciproconazole y el Protioconazole son fungicidas del grupo de los triazoles que act\u00faan inhibiendo la s\u00edntesis del ergosterol. El protioconazole es un triazol de \u00faltima generaci\u00f3n que act\u00faa interfiriendo la ruta metab\u00f3lica del ergosterol de los hongos, inhibiendo su s\u00edntesis como producto de la demetilaci\u00f3n del lanosterol. El azoxistrobin es una mol\u00e9cula del grupo de las estrobirulinas que tiene acci\u00f3n por contacto y propiedades sist\u00e9micas. Act\u00faa bloqueando el proceso respiratorio de los hongos. Posee un largo efecto residual y es eficaz sobre un amplio rango de enfermedades fungosas.<\/p>\n<p>Presentaci\u00f3n: 5 L y 250 Ml.[\/vc_column_text][\/vc_column][\/vc_row]<\/p>\n<\/div>","protected":false},"excerpt":{"rendered":"<p>[vc_row][vc_column][vc_column_text css=\u00bb\u00bb woodmart_inline=\u00bbno\u00bb text_larger=\u00bbno\u00bb]Tipo de producto: FUNGICIDA Composici\u00f3n Qu\u00edmica AZOXISTROBIN &#8230;&#8230;&#8230;&#8230;&#8230; 160 g\/l. PROTIOCONAZOLE &#8230;&#8230;.. 150 g\/l. CIPROCONAZOLE &#8230;&#8230;&#8230;&#8230;. 50<\/p>\n","protected":false},"featured_media":10809,"template":"","meta":[],"product_brand":[],"product_cat":[86],"product_tag":[308,306,270,207,272,309,287],"class_list":{"0":"post-10808","1":"product","2":"type-product","3":"status-publish","4":"has-post-thumbnail","6":"product_cat-fungicidas","7":"product_tag-azoxistrobin","8":"product_tag-cyproconazole","9":"product_tag-enfermedades","10":"product_tag-fungicida","11":"product_tag-hongos","12":"product_tag-protioconazole","13":"product_tag-soya","15":"first","16":"instock","17":"shipping-taxable","18":"product-type-simple"},"_links":{"self":[{"href":"https:\/\/agroinco.com.bo\/website\/wp-json\/wp\/v2\/product\/10808","targetHints":{"allow":["GET"]}}],"collection":[{"href":"https:\/\/agroinco.com.bo\/website\/wp-json\/wp\/v2\/product"}],"about":[{"href":"https:\/\/agroinco.com.bo\/website\/wp-json\/wp\/v2\/types\/product"}],"wp:featuredmedia":[{"embeddable":true,"href":"https:\/\/agroinco.com.bo\/website\/wp-json\/wp\/v2\/media\/10809"}],"wp:attachment":[{"href":"https:\/\/agroinco.com.bo\/website\/wp-json\/wp\/v2\/media?parent=10808"}],"wp:term":[{"taxonomy":"product_brand","embeddable":true,"href":"https:\/\/agroinco.com.bo\/website\/wp-json\/wp\/v2\/product_brand?post=10808"},{"taxonomy":"product_cat","embeddable":true,"href":"https:\/\/agroinco.com.bo\/website\/wp-json\/wp\/v2\/product_cat?post=10808"},{"taxonomy":"product_tag","embeddable":true,"href":"https:\/\/agroinco.com.bo\/website\/wp-json\/wp\/v2\/product_tag?post=10808"}],"curies":[{"name":"wp","href":"https:\/\/api.w.org\/{rel}","templated":true}]}}