{"id":10810,"date":"2026-02-06T14:13:58","date_gmt":"2026-02-06T13:13:58","guid":{"rendered":"https:\/\/agroinco.com.bo\/website\/?post_type=product&#038;p=10810"},"modified":"2026-02-06T14:13:58","modified_gmt":"2026-02-06T13:13:58","slug":"agrothoxan","status":"publish","type":"product","link":"https:\/\/agroinco.com.bo\/website\/producto\/agrothoxan\/","title":{"rendered":"AGROTHOXAN"},"content":{"rendered":"<div class=\"wpb-content-wrapper\"><p>[vc_row][vc_column][vc_column_text css=\u00bb\u00bb woodmart_inline=\u00bbno\u00bb text_larger=\u00bbno\u00bb]Tipo de Producto: INSECTICIDA<\/p>\n<p>Composici\u00f3n Qu\u00edmica<\/p>\n<p><strong>Thiamethoxam:<\/strong> \u2026\u2026\u2026.\u2026..700 g\/kg<\/p>\n<p><strong>Ingredientes Inertes\u2026\u2026.<\/strong>300 g\/kg<\/p>\n<p><strong>AGROTHOXAN <\/strong>es un insecticida con el ingrediente activo Thiamethoxam del grupo de los neonicotinoides de amplio espectro con acci\u00f3n residual sist\u00e9mica, act\u00faa sobre el sistemita nervioso de los insectos. Su absorci\u00f3n es r\u00e1pida; penetra en el interior de las plantas y por las ra\u00edces, se distribuye a trav\u00e9s de la savia hacia los \u00f3rganos en crecimiento y protege los nuevos desarrollos de los cultivos contra el ataque de las plagas.<\/p>\n<p>Presentaci\u00f3n: 1 Kg y 100 Gr.[\/vc_column_text][\/vc_column][\/vc_row]<\/p>\n<\/div>","protected":false},"excerpt":{"rendered":"<p>INSECTICIDA SIST\u00c9MICO DE AMPLIO ESPECTRO, CON ACCI\u00d3N RESIDUAL.<\/p>\n","protected":false},"featured_media":10811,"template":"","meta":[],"product_brand":[],"product_cat":[88],"product_tag":[310,311,208,287,312],"class_list":{"0":"post-10810","1":"product","2":"type-product","3":"status-publish","4":"has-post-thumbnail","6":"product_cat-insecticidas","7":"product_tag-chinche","8":"product_tag-cultivo","9":"product_tag-insecticida","10":"product_tag-soya","11":"product_tag-thiamethoxam","13":"first","14":"instock","15":"shipping-taxable","16":"product-type-simple"},"_links":{"self":[{"href":"https:\/\/agroinco.com.bo\/website\/wp-json\/wp\/v2\/product\/10810","targetHints":{"allow":["GET"]}}],"collection":[{"href":"https:\/\/agroinco.com.bo\/website\/wp-json\/wp\/v2\/product"}],"about":[{"href":"https:\/\/agroinco.com.bo\/website\/wp-json\/wp\/v2\/types\/product"}],"wp:featuredmedia":[{"embeddable":true,"href":"https:\/\/agroinco.com.bo\/website\/wp-json\/wp\/v2\/media\/10811"}],"wp:attachment":[{"href":"https:\/\/agroinco.com.bo\/website\/wp-json\/wp\/v2\/media?parent=10810"}],"wp:term":[{"taxonomy":"product_brand","embeddable":true,"href":"https:\/\/agroinco.com.bo\/website\/wp-json\/wp\/v2\/product_brand?post=10810"},{"taxonomy":"product_cat","embeddable":true,"href":"https:\/\/agroinco.com.bo\/website\/wp-json\/wp\/v2\/product_cat?post=10810"},{"taxonomy":"product_tag","embeddable":true,"href":"https:\/\/agroinco.com.bo\/website\/wp-json\/wp\/v2\/product_tag?post=10810"}],"curies":[{"name":"wp","href":"https:\/\/api.w.org\/{rel}","templated":true}]}}