{"id":10860,"date":"2026-02-06T22:38:55","date_gmt":"2026-02-06T21:38:55","guid":{"rendered":"https:\/\/agroinco.com.bo\/website\/?post_type=product&#038;p=10860"},"modified":"2026-02-06T22:38:55","modified_gmt":"2026-02-06T21:38:55","slug":"agrocloprid","status":"publish","type":"product","link":"https:\/\/agroinco.com.bo\/website\/producto\/agrocloprid\/","title":{"rendered":"AGROCLOPRID"},"content":{"rendered":"<div class=\"wpb-content-wrapper\"><p>[vc_row][vc_column][vc_column_text css=\u00bb\u00bb woodmart_inline=\u00bbno\u00bb text_larger=\u00bbno\u00bb]Insecticida que act\u00faa por contacto, ingesti\u00f3n y de forma sist\u00e9mica. Especialista contra insectos chupadores incluidos aquellos vectores de virosis y fitoplasmosis.[\/vc_column_text]<div id=\"wd-69865f07b8860\" class=\" wd-rs-69865f07b8860 vc_custom_1770413876399 wd-button-wrapper text-center\"><a href=\"https:\/\/agroinco.com.bo\/website\/wp-content\/uploads\/2026\/02\/agrocloprid.pdf\" title=\"\" target=\"_blank\" class=\"btn btn-style-3d btn-shape-rectangle btn-size-default\">DESCARGAR PDF<\/a><\/div>[\/vc_column][\/vc_row]<\/p>\n<\/div>","protected":false},"excerpt":{"rendered":"<p>IMIDACLOPRID(70%) WP<\/p>\n","protected":false},"featured_media":10861,"template":"","meta":[],"product_brand":[],"product_cat":[88],"product_tag":[310,358,208],"class_list":{"0":"post-10860","1":"product","2":"type-product","3":"status-publish","4":"has-post-thumbnail","6":"product_cat-insecticidas","7":"product_tag-chinche","8":"product_tag-chupadores","9":"product_tag-insecticida","11":"first","12":"instock","13":"shipping-taxable","14":"product-type-simple"},"_links":{"self":[{"href":"https:\/\/agroinco.com.bo\/website\/wp-json\/wp\/v2\/product\/10860","targetHints":{"allow":["GET"]}}],"collection":[{"href":"https:\/\/agroinco.com.bo\/website\/wp-json\/wp\/v2\/product"}],"about":[{"href":"https:\/\/agroinco.com.bo\/website\/wp-json\/wp\/v2\/types\/product"}],"wp:featuredmedia":[{"embeddable":true,"href":"https:\/\/agroinco.com.bo\/website\/wp-json\/wp\/v2\/media\/10861"}],"wp:attachment":[{"href":"https:\/\/agroinco.com.bo\/website\/wp-json\/wp\/v2\/media?parent=10860"}],"wp:term":[{"taxonomy":"product_brand","embeddable":true,"href":"https:\/\/agroinco.com.bo\/website\/wp-json\/wp\/v2\/product_brand?post=10860"},{"taxonomy":"product_cat","embeddable":true,"href":"https:\/\/agroinco.com.bo\/website\/wp-json\/wp\/v2\/product_cat?post=10860"},{"taxonomy":"product_tag","embeddable":true,"href":"https:\/\/agroinco.com.bo\/website\/wp-json\/wp\/v2\/product_tag?post=10860"}],"curies":[{"name":"wp","href":"https:\/\/api.w.org\/{rel}","templated":true}]}}