{"id":10922,"date":"2026-02-11T15:20:49","date_gmt":"2026-02-11T14:20:49","guid":{"rendered":"https:\/\/agroinco.com.bo\/website\/?post_type=product&#038;p=10922"},"modified":"2026-03-27T17:00:54","modified_gmt":"2026-03-27T16:00:54","slug":"nitrovell","status":"publish","type":"product","link":"https:\/\/agroinco.com.bo\/website\/producto\/nitrovell\/","title":{"rendered":"NITROVELL"},"content":{"rendered":"<div class=\"wpb-content-wrapper\"><p>[vc_row][vc_column][vc_column_text css=\u00bb\u00bb woodmart_inline=\u00bbno\u00bb text_larger=\u00bbno\u00bb]Tipo de producto:\u00a0\u00a0\u00a0\u00a0\u00a0\u00a0\u00a0\u00a0\u00a0\u00a0 FERTILIZANTE<\/p>\n<p>Principios Activos:\u00a0\u00a0\u00a0\u00a0\u00a0\u00a0\u00a0\u00a0\u00a0\u00a0 Nitr\u00f3geno Total (N) 20,30 % p\/p,Nitr\u00f3geno Org\u00e1nico (N) 2,90 % p\/p, Nitr\u00f3geno amoniacal (N) 4,40 % p\/p, Nitr\u00f3geno n\u00edtrico (N)\u00a0 4,40 % p\/p, Nitr\u00f3geno ureico (N)\u00a0 8,70 % p\/p, Amino\u00e1cidos Libres\u00a0 24,00 % p\/p, Materia Org\u00e1nica total\u00a0 60,00 % p\/p, Carbono org\u00e1nico total\u00a0 35,00 % p\/p, Extracto h\u00famico total\u00a0 22,50 % p\/p , \u00c1cidos f\u00falvicos 22,50 % p\/p<\/p>\n<p>Formulaci\u00f3n:\u00a0\u00a0\u00a0\u00a0\u00a0\u00a0\u00a0\u00a0\u00a0\u00a0\u00a0\u00a0\u00a0\u00a0\u00a0\u00a0\u00a0\u00a0\u00a0\u00a0 LIQUIDO<\/p>\n<p>Es un fertilizante l\u00edquido, vigorizante, de nitr\u00f3geno con amino\u00e1cidos, para aplicaci\u00f3n foliar y radicular en cada tipo de cultivos.<\/p>\n<p>Nitrovell tiene alto poder complejante y act\u00faa como mejorador estructural del suelo, gracias a su alto contenido de \u00c1cidos F\u00falvicos, y Materia Org\u00e1nica, proporcionando una regeneraci\u00f3n de la flora microbiana y aporte nutricional.<\/p>\n<p>Estimula el crecimiento de la planta.<\/p>\n<p>Descompone la materia org\u00e1nica y los residuos de pesticidas.<\/p>\n<p>Incrementa la resistencia ante condiciones clim\u00e1ticas extremas.<\/p>\n<p>Solubiliza minerales (incluyendo f\u00f3sforo} para la disponibilidad de las plantas<\/p>\n<p>Estimula a la planta a generar hormonas naturales.<\/p>\n<p>Provee de energ\u00eda para el metabolismo de la planta y facilita la absorci\u00f3n de nutrientes.<\/p>\n<p>Presentaci\u00f3n: 1 Lt[\/vc_column_text]<div id=\"wd-698c9029aa909\" class=\" wd-rs-698c9029aa909 vc_custom_1770819627313 wd-button-wrapper text-center\"><a href=\"https:\/\/agroinco.com.bo\/website\/wp-content\/uploads\/2026\/02\/Nitrovell-ficha-tec.pdf\" title=\"\" target=\"_blank\" class=\"btn btn-style-3d btn-shape-rectangle btn-size-default\">DESCARGAR PDF<\/a><\/div>[\/vc_column][\/vc_row]<\/p>\n<\/div>","protected":false},"excerpt":{"rendered":"<p>Fertilizante de aplicaci\u00f3n foliar a base de Nitr\u00f3geno y amino\u00e1cidos<\/p>\n","protected":false},"featured_media":10924,"template":"","meta":[],"product_brand":[],"product_cat":[85],"product_tag":[260,409,219,337],"class_list":{"0":"post-10922","1":"product","2":"type-product","3":"status-publish","4":"has-post-thumbnail","6":"product_cat-fertilizantes-bioestimulantes","7":"product_tag-cultivos","8":"product_tag-estimulacion","9":"product_tag-fertilizante","10":"product_tag-nitrogeno","12":"first","13":"instock","14":"shipping-taxable","15":"product-type-simple"},"_links":{"self":[{"href":"https:\/\/agroinco.com.bo\/website\/wp-json\/wp\/v2\/product\/10922","targetHints":{"allow":["GET"]}}],"collection":[{"href":"https:\/\/agroinco.com.bo\/website\/wp-json\/wp\/v2\/product"}],"about":[{"href":"https:\/\/agroinco.com.bo\/website\/wp-json\/wp\/v2\/types\/product"}],"wp:featuredmedia":[{"embeddable":true,"href":"https:\/\/agroinco.com.bo\/website\/wp-json\/wp\/v2\/media\/10924"}],"wp:attachment":[{"href":"https:\/\/agroinco.com.bo\/website\/wp-json\/wp\/v2\/media?parent=10922"}],"wp:term":[{"taxonomy":"product_brand","embeddable":true,"href":"https:\/\/agroinco.com.bo\/website\/wp-json\/wp\/v2\/product_brand?post=10922"},{"taxonomy":"product_cat","embeddable":true,"href":"https:\/\/agroinco.com.bo\/website\/wp-json\/wp\/v2\/product_cat?post=10922"},{"taxonomy":"product_tag","embeddable":true,"href":"https:\/\/agroinco.com.bo\/website\/wp-json\/wp\/v2\/product_tag?post=10922"}],"curies":[{"name":"wp","href":"https:\/\/api.w.org\/{rel}","templated":true}]}}