{"id":11069,"date":"2026-02-11T20:45:33","date_gmt":"2026-02-11T19:45:33","guid":{"rendered":"https:\/\/agroinco.com.bo\/website\/?post_type=product&#038;p=11069"},"modified":"2026-02-11T20:45:33","modified_gmt":"2026-02-11T19:45:33","slug":"pulverizador-pulmic-raptor-1","status":"publish","type":"product","link":"https:\/\/agroinco.com.bo\/website\/producto\/pulverizador-pulmic-raptor-1\/","title":{"rendered":"PULVERIZADOR PULMIC RAPTOR 1"},"content":{"rendered":"<div class=\"wpb-content-wrapper\"><p>[vc_row][vc_column][vc_column_text css=\u00bb\u00bb woodmart_inline=\u00bbno\u00bb text_larger=\u00bbno\u00bb]Pulmic Raptor 1 es un pulverizador hidr\u00e1ulico de gatillo para uso dom\u00e9stico y en jardiner\u00eda. Este pulverizador es el de menor capacidad de la familia Raptor. Es ligero y de f\u00e1cil transporte.<\/p>\n<p>CARACTER\u00cdSTICAS DEL PULMIC RAPTOR 1<\/p>\n<p>-Cierre estanco<\/p>\n<p>&#8211; Empu\u00f1adura ergon\u00f3mica<\/p>\n<p>&#8211; Dep\u00f3sito transl\u00facido y graduado<\/p>\n<p>INFORMACI\u00d3N ADICIONAL<\/p>\n<p>\u00c1mbito de uso\u00a0 AGRICULTURA\/JARDIN\/HOGAR<\/p>\n<p>Aplicaci\u00f3n del producto Cuidado y Protecci\u00f3n de las plantas, Lucha contra las malas hierbas, Lucha contra insectos del hogar\/Desinfecci\u00f3n.<\/p>\n<p>Lugar de uso\u00a0\u00a0\u00a0\u00a0\u00a0 Superficie peque\u00f1a (Terraza, jard\u00edn peque\u00f1o)<\/p>\n<p align=\"justify\">Es un rodenticida anticoagulante de tipo monod\u00f3sico.<\/p>\n<p align=\"justify\">Con una sola ingesti\u00f3n elimina ratas y ratones a partir del segundo d\u00eda.<\/p>\n<p align=\"justify\">La muerte se asemeja a la que produce la vejez y de este modo sus cong\u00e9neres no recelan del alimento.<\/p>\n<p>[\/vc_column_text]<div id=\"wd-698cdc54d65d0\" class=\" wd-rs-698cdc54d65d0 vc_custom_1770839125822 wd-button-wrapper text-center\"><a href=\"https:\/\/agroinco.com.bo\/website\/wp-content\/uploads\/2026\/02\/Pulmic-Raptor-1.pdf\" title=\"\" target=\"_blank\" class=\"btn btn-style-3d btn-shape-rectangle btn-size-default\">DESCARGAR PDF<\/a><\/div>[\/vc_column][\/vc_row]<\/p>\n<\/div>","protected":false},"excerpt":{"rendered":"<p>[vc_row][vc_column][vc_column_text css=\u00bb\u00bb woodmart_inline=\u00bbno\u00bb text_larger=\u00bbno\u00bb]Pulmic Raptor 1 es un pulverizador hidr\u00e1ulico de gatillo para uso dom\u00e9stico y en jardiner\u00eda. Este pulverizador<\/p>\n","protected":false},"featured_media":11071,"template":"","meta":[],"product_brand":[],"product_cat":[119],"product_tag":[267,268,269,204,270,206,207,271,272,273,208,209,210,274,275,276],"class_list":{"0":"post-11069","1":"product","2":"type-product","3":"status-publish","4":"has-post-thumbnail","6":"product_cat-aplicacion-manual","7":"product_tag-aplicacion","8":"product_tag-aranas","9":"product_tag-cucarachas","10":"product_tag-desinfeccion","11":"product_tag-enfermedades","12":"product_tag-fumigacion","13":"product_tag-fungicida","14":"product_tag-herbicida","15":"product_tag-hongos","16":"product_tag-hormigas","17":"product_tag-insecticida","18":"product_tag-insectos","19":"product_tag-jardin","20":"product_tag-mosquitos","21":"product_tag-plagas","22":"product_tag-pulgas","24":"first","25":"instock","26":"shipping-taxable","27":"product-type-simple"},"_links":{"self":[{"href":"https:\/\/agroinco.com.bo\/website\/wp-json\/wp\/v2\/product\/11069","targetHints":{"allow":["GET"]}}],"collection":[{"href":"https:\/\/agroinco.com.bo\/website\/wp-json\/wp\/v2\/product"}],"about":[{"href":"https:\/\/agroinco.com.bo\/website\/wp-json\/wp\/v2\/types\/product"}],"wp:featuredmedia":[{"embeddable":true,"href":"https:\/\/agroinco.com.bo\/website\/wp-json\/wp\/v2\/media\/11071"}],"wp:attachment":[{"href":"https:\/\/agroinco.com.bo\/website\/wp-json\/wp\/v2\/media?parent=11069"}],"wp:term":[{"taxonomy":"product_brand","embeddable":true,"href":"https:\/\/agroinco.com.bo\/website\/wp-json\/wp\/v2\/product_brand?post=11069"},{"taxonomy":"product_cat","embeddable":true,"href":"https:\/\/agroinco.com.bo\/website\/wp-json\/wp\/v2\/product_cat?post=11069"},{"taxonomy":"product_tag","embeddable":true,"href":"https:\/\/agroinco.com.bo\/website\/wp-json\/wp\/v2\/product_tag?post=11069"}],"curies":[{"name":"wp","href":"https:\/\/api.w.org\/{rel}","templated":true}]}}