{"id":11072,"date":"2026-02-11T20:47:26","date_gmt":"2026-02-11T19:47:26","guid":{"rendered":"https:\/\/agroinco.com.bo\/website\/?post_type=product&#038;p=11072"},"modified":"2026-02-11T20:47:26","modified_gmt":"2026-02-11T19:47:26","slug":"pulverizador-pulmic-raptor-7","status":"publish","type":"product","link":"https:\/\/agroinco.com.bo\/website\/producto\/pulverizador-pulmic-raptor-7\/","title":{"rendered":"PULVERIZADOR PULMIC RAPTOR 7"},"content":{"rendered":"<div class=\"wpb-content-wrapper\"><p>[vc_row][vc_column][vc_column_text css=\u00bb\u00bb woodmart_inline=\u00bbno\u00bb text_larger=\u00bbno\u00bb]El Pulmic Raptor 7 es un pulverizador hidr\u00e1ulico de presi\u00f3n previa para aplicaci\u00f3n de insecticidas, fungicidas y herbicidas. Este pulverizador de presi\u00f3n previa, puede ser transportado en bandolera o manualmente gracias a su c\u00f3moda asa. Su base de apoyo est\u00e1 dise\u00f1ada para dar estabilidad al dep\u00f3sito.<\/p>\n<p>CARACTER\u00cdSTICAS DEL PULMIC RAPTOR 7<\/p>\n<p>&#8211; Lanza en fibra de vidrio y fijador<\/p>\n<p>&#8211; Boquilla regulable<\/p>\n<p>&#8211; Ergon\u00f3mica y robusta asa de bombeo<\/p>\n<p>&#8211; Vaciado completo por la salida inferior<\/p>\n<p>&#8211; V\u00e1lvula de seguridad<\/p>\n<p>INFORMACI\u00d3N ADICIONAL<\/p>\n<p>\u00c1mbito de uso\u00a0 AGRICULTURA\/JARDIN\/HOGAR<\/p>\n<p>Aplicaci\u00f3n del producto Cuidado y Protecci\u00f3n de las plantas, Lucha contra las malas hierbas, Lucha contra insectos del hogar.<\/p>\n<p>Lugar de uso\u00a0\u00a0\u00a0\u00a0\u00a0 Superficie mediana (Terraza, invernadero, jard\u00edn de casa)[\/vc_column_text]<div id=\"wd-698cdcb797415\" class=\" wd-rs-698cdcb797415 vc_custom_1770839223535 wd-button-wrapper text-center\"><a href=\"https:\/\/agroinco.com.bo\/website\/wp-content\/uploads\/2026\/02\/Pulmic-Raptor-7.pdf\" title=\"\" target=\"_blank\" class=\"btn btn-style-3d btn-shape-rectangle btn-size-default\">DESCARGAR PDF<\/a><\/div>[\/vc_column][\/vc_row]<\/p>\n<\/div>","protected":false},"excerpt":{"rendered":"<p>Pulverizador Pulmic Raptor 7<\/p>\n","protected":false},"featured_media":11073,"template":"","meta":[],"product_brand":[],"product_cat":[119],"product_tag":[267,268,269,204,270,206,207,271,272,273,208,209,210,274,275,276],"class_list":{"0":"post-11072","1":"product","2":"type-product","3":"status-publish","4":"has-post-thumbnail","6":"product_cat-aplicacion-manual","7":"product_tag-aplicacion","8":"product_tag-aranas","9":"product_tag-cucarachas","10":"product_tag-desinfeccion","11":"product_tag-enfermedades","12":"product_tag-fumigacion","13":"product_tag-fungicida","14":"product_tag-herbicida","15":"product_tag-hongos","16":"product_tag-hormigas","17":"product_tag-insecticida","18":"product_tag-insectos","19":"product_tag-jardin","20":"product_tag-mosquitos","21":"product_tag-plagas","22":"product_tag-pulgas","24":"first","25":"instock","26":"shipping-taxable","27":"product-type-simple"},"_links":{"self":[{"href":"https:\/\/agroinco.com.bo\/website\/wp-json\/wp\/v2\/product\/11072","targetHints":{"allow":["GET"]}}],"collection":[{"href":"https:\/\/agroinco.com.bo\/website\/wp-json\/wp\/v2\/product"}],"about":[{"href":"https:\/\/agroinco.com.bo\/website\/wp-json\/wp\/v2\/types\/product"}],"wp:featuredmedia":[{"embeddable":true,"href":"https:\/\/agroinco.com.bo\/website\/wp-json\/wp\/v2\/media\/11073"}],"wp:attachment":[{"href":"https:\/\/agroinco.com.bo\/website\/wp-json\/wp\/v2\/media?parent=11072"}],"wp:term":[{"taxonomy":"product_brand","embeddable":true,"href":"https:\/\/agroinco.com.bo\/website\/wp-json\/wp\/v2\/product_brand?post=11072"},{"taxonomy":"product_cat","embeddable":true,"href":"https:\/\/agroinco.com.bo\/website\/wp-json\/wp\/v2\/product_cat?post=11072"},{"taxonomy":"product_tag","embeddable":true,"href":"https:\/\/agroinco.com.bo\/website\/wp-json\/wp\/v2\/product_tag?post=11072"}],"curies":[{"name":"wp","href":"https:\/\/api.w.org\/{rel}","templated":true}]}}