{"id":11114,"date":"2026-02-11T21:30:05","date_gmt":"2026-02-11T20:30:05","guid":{"rendered":"https:\/\/agroinco.com.bo\/website\/?post_type=product&#038;p=11114"},"modified":"2026-03-27T16:37:34","modified_gmt":"2026-03-27T15:37:34","slug":"gomaton","status":"publish","type":"product","link":"https:\/\/agroinco.com.bo\/website\/producto\/gomaton\/","title":{"rendered":"GOMAT\u00d3N"},"content":{"rendered":"<div class=\"wpb-content-wrapper\"><p>[vc_row][vc_column][vc_column_text css=\u00bb\u00bb woodmart_inline=\u00bbno\u00bb text_larger=\u00bbno\u00bb]L\u00e1minas atrapa roedores, sin t\u00f3xicos, con esencia de man\u00ed la cual ayuda a una captura m\u00e1s eficaz pues les atrae el olor. Gracias a la formulaci\u00f3n especial de la goma elaborada con pol\u00edmeros y resinas naturales, la rata permanece dentro de la trampa sin lograr escapar. Medidas. 24,05 x 11,65 cm.[\/vc_column_text]<div id=\"wd-698ce6c36552b\" class=\" wd-rs-698ce6c36552b vc_custom_1770841795600 wd-button-wrapper text-center\"><a href=\"https:\/\/agroinco.com.bo\/website\/wp-content\/uploads\/2026\/02\/Gomaton.pdf\" title=\"\" target=\"_blank\" class=\"btn btn-style-3d btn-shape-rectangle btn-size-default\">DESCARGAR PDF<\/a><\/div>[\/vc_column][\/vc_row]<\/p>\n<\/div>","protected":false},"excerpt":{"rendered":"<p>[vc_row][vc_column][vc_column_text css=\u00bb\u00bb woodmart_inline=\u00bbno\u00bb text_larger=\u00bbno\u00bb]L\u00e1minas atrapa roedores, sin t\u00f3xicos, con esencia de man\u00ed la cual ayuda a una captura m\u00e1s eficaz<\/p>\n","protected":false},"featured_media":11115,"template":"","meta":[],"product_brand":[],"product_cat":[113],"product_tag":[436,437,438],"class_list":{"0":"post-11114","1":"product","2":"type-product","3":"status-publish","4":"has-post-thumbnail","6":"product_cat-control-roedores","7":"product_tag-control-roedores","8":"product_tag-ratas","9":"product_tag-ratones","11":"first","12":"outofstock","13":"shipping-taxable","14":"product-type-simple"},"_links":{"self":[{"href":"https:\/\/agroinco.com.bo\/website\/wp-json\/wp\/v2\/product\/11114","targetHints":{"allow":["GET"]}}],"collection":[{"href":"https:\/\/agroinco.com.bo\/website\/wp-json\/wp\/v2\/product"}],"about":[{"href":"https:\/\/agroinco.com.bo\/website\/wp-json\/wp\/v2\/types\/product"}],"wp:featuredmedia":[{"embeddable":true,"href":"https:\/\/agroinco.com.bo\/website\/wp-json\/wp\/v2\/media\/11115"}],"wp:attachment":[{"href":"https:\/\/agroinco.com.bo\/website\/wp-json\/wp\/v2\/media?parent=11114"}],"wp:term":[{"taxonomy":"product_brand","embeddable":true,"href":"https:\/\/agroinco.com.bo\/website\/wp-json\/wp\/v2\/product_brand?post=11114"},{"taxonomy":"product_cat","embeddable":true,"href":"https:\/\/agroinco.com.bo\/website\/wp-json\/wp\/v2\/product_cat?post=11114"},{"taxonomy":"product_tag","embeddable":true,"href":"https:\/\/agroinco.com.bo\/website\/wp-json\/wp\/v2\/product_tag?post=11114"}],"curies":[{"name":"wp","href":"https:\/\/api.w.org\/{rel}","templated":true}]}}