{"id":11123,"date":"2026-02-11T21:39:38","date_gmt":"2026-02-11T20:39:38","guid":{"rendered":"https:\/\/agroinco.com.bo\/website\/?post_type=product&#038;p=11123"},"modified":"2026-03-27T16:33:03","modified_gmt":"2026-03-27T15:33:03","slug":"hormixan-mirex-x-500-grs","status":"publish","type":"product","link":"https:\/\/agroinco.com.bo\/website\/producto\/hormixan-mirex-x-500-grs\/","title":{"rendered":"HORMIXAN MIREX x 500 GRS"},"content":{"rendered":"<div class=\"wpb-content-wrapper\"><p>[vc_row][vc_column][vc_column_text css=\u00bb\u00bb woodmart_inline=\u00bbno\u00bb text_larger=\u00bbno\u00bb]Hormixan Mirex es un cebo hormiguicida, cuyo principio activo es Abamectina, espec\u00edfico para el control de las hormigas cortadoras presentes en el hogar. Su poder atractivo hace que las hormigas dejen su carga y tomen el cebo para llevarlo al interior de la honguera donde mata al hongo del cual se alimentan y a la colonia. Su exclusiva f\u00f3rmula act\u00faa sobre el sistema nervioso de las hormigas, causando su par\u00e1lisis y eliminando as\u00ed a toda la colonia. Su acci\u00f3n lenta (3 a 5 d\u00edas) permite su aceptaci\u00f3n y transmisi\u00f3n por parte de la colonia de hormigas sin alertarlas de su poder insecticida. Efectivo contra Hormiga negra com\u00fan ( Acromyrmex lundi ), colorada (Acromyrmex striatus ), Negra del sud (Acromyrmex lobicornis), Isa\u00fa ( Atta vollenweideri ), minera ( Atta sexdens). Viene en presentaciones de 250grs y 500grs.<\/p>\n<p>CLASIFICACION: hormiguicida<\/p>\n<p>FORMULACI\u00d3N: Cebo en pellet<\/p>\n<p>PRINCIPIO ACTIVO: Abamectina<\/p>\n<p>PLAGAS: Hormiga negra com\u00fan ( Acromyrmex lundi ), colorada (Acromyrmex striatus ), Negra del sud (Acromyrmex lobicornis), Isa\u00fa ( Atta vollenweideri ), minera ( Atta sexdens)<\/p>\n<p>PRESENTACI\u00d3N: 250g. 500g.[\/vc_column_text]<div id=\"wd-698ce8f99e439\" class=\" wd-rs-698ce8f99e439 vc_custom_1770842361896 wd-button-wrapper text-center\"><a href=\"https:\/\/agroinco.com.bo\/website\/wp-content\/uploads\/2026\/02\/HormiXAN-Mirex-1.pdf\" title=\"\" target=\"_blank\" class=\"btn btn-style-3d btn-shape-rectangle btn-size-default\">DESCARGAR PDF<\/a><\/div>[\/vc_column][\/vc_row]<\/p>\n<\/div>","protected":false},"excerpt":{"rendered":"<p>Hormixan Mirex x 500 Grs<\/p>\n","protected":false},"featured_media":11124,"template":"","meta":[],"product_brand":[],"product_cat":[110,114],"product_tag":[477,478,403,273,210,479,480],"class_list":{"0":"post-11123","1":"product","2":"type-product","3":"status-publish","4":"has-post-thumbnail","6":"product_cat-control-hormigas","7":"product_cat-cuidados-para-jardin","8":"product_tag-cesped","9":"product_tag-cortadora","10":"product_tag-flores","11":"product_tag-hormigas","12":"product_tag-jardin","13":"product_tag-pasto","14":"product_tag-sepes","16":"first","17":"outofstock","18":"shipping-taxable","19":"product-type-simple"},"_links":{"self":[{"href":"https:\/\/agroinco.com.bo\/website\/wp-json\/wp\/v2\/product\/11123","targetHints":{"allow":["GET"]}}],"collection":[{"href":"https:\/\/agroinco.com.bo\/website\/wp-json\/wp\/v2\/product"}],"about":[{"href":"https:\/\/agroinco.com.bo\/website\/wp-json\/wp\/v2\/types\/product"}],"wp:featuredmedia":[{"embeddable":true,"href":"https:\/\/agroinco.com.bo\/website\/wp-json\/wp\/v2\/media\/11124"}],"wp:attachment":[{"href":"https:\/\/agroinco.com.bo\/website\/wp-json\/wp\/v2\/media?parent=11123"}],"wp:term":[{"taxonomy":"product_brand","embeddable":true,"href":"https:\/\/agroinco.com.bo\/website\/wp-json\/wp\/v2\/product_brand?post=11123"},{"taxonomy":"product_cat","embeddable":true,"href":"https:\/\/agroinco.com.bo\/website\/wp-json\/wp\/v2\/product_cat?post=11123"},{"taxonomy":"product_tag","embeddable":true,"href":"https:\/\/agroinco.com.bo\/website\/wp-json\/wp\/v2\/product_tag?post=11123"}],"curies":[{"name":"wp","href":"https:\/\/api.w.org\/{rel}","templated":true}]}}