{"id":11129,"date":"2026-02-11T21:43:37","date_gmt":"2026-02-11T20:43:37","guid":{"rendered":"https:\/\/agroinco.com.bo\/website\/?post_type=product&#038;p=11129"},"modified":"2026-02-11T21:43:37","modified_gmt":"2026-02-11T20:43:37","slug":"hormixan-gel-x-6-grs","status":"publish","type":"product","link":"https:\/\/agroinco.com.bo\/website\/producto\/hormixan-gel-x-6-grs\/","title":{"rendered":"HORMIXAN GEL x 6 GRS"},"content":{"rendered":"<div class=\"wpb-content-wrapper\"><p>[vc_row][vc_column][vc_column_text css=\u00bb\u00bb woodmart_inline=\u00bbno\u00bb text_larger=\u00bbno\u00bb]Hormixan Gel con IGR es una jeringa cebo hormiguicida en gel, espec\u00edfica para el control de las hormigas presentes en el hogar incluyendo a la hormiga carpintera o arar\u00e1 (Camponotus sp.), hormiga de fuego (Solenopsis sp.) hormiga argentina (Iridormyrmex humilis) y hormiga fara\u00f3nica (Minimorium pharaonis).<\/p>\n<p>Desarrollado con una exclusiva f\u00f3rmula a base de Fipronil y de un IGR de \u00faltima generaci\u00f3n (regulador de crecimiento de insectos que interrumpe el desarrollo juvenil de los mismos, impidiendo su madurez sexual evitando la reproducci\u00f3n y el crecimiento poblacional).<br \/>\nHormixan Gel es ingerido y transportado por las hormigas obreras y estas una vez en el nido dan de comer el producto a otras obreras, a la reina y a las larvas.<\/p>\n<p>Estas \u00faltimas digieren el cebo y producen un l\u00edquido que contiene el activo y el inhibidor de crecimiento, con el que tambi\u00e9n se alimentan interrumpiendo el metabolismo eliminando as\u00ed a toda la colonia. Hormixan Gel est\u00e1 listo para usar. Es de f\u00e1cil aplicaci\u00f3n<\/p>\n<p>CLASIFICACI\u00d3N: Insecticida-Hormiguicida<\/p>\n<p>FORMULACI\u00d3N: Cebo Gel<\/p>\n<p>PRINCIPIO ACTIVO: Fipronil 0.001 g: Piriproxifeno 0.5 g (IGR regulador de crecimiento)<\/p>\n<p>PLAGAS DOM\u00c9STICAS: Hormigas<\/p>\n<p>PRESENTACI\u00d3N :\u00a0 \u00a0 \u00a0 \u00a0 \u00a0 \u00a0 \u00a0 \u00a0 \u00a0Jeringas x 6 g., x 12 g. y presentaci\u00f3n Profesional x 30 g.[\/vc_column_text]<div id=\"wd-698ce9f0d73ec\" class=\" wd-rs-698ce9f0d73ec vc_custom_1770842609872 wd-button-wrapper text-center\"><a href=\"https:\/\/agroinco.com.bo\/website\/wp-content\/uploads\/2026\/02\/Hormixan-Gel.pdf\" title=\"\" target=\"_blank\" class=\"btn btn-style-3d btn-shape-rectangle btn-size-default\">DESCARGAR PDF<\/a><\/div>[\/vc_column][\/vc_row]<\/p>\n<\/div>","protected":false},"excerpt":{"rendered":"<p>Hormixan Gel x 6 Gr.<\/p>\n","protected":false},"featured_media":11130,"template":"","meta":[],"product_brand":[],"product_cat":[110],"product_tag":[481,206,273],"class_list":{"0":"post-11129","1":"product","2":"type-product","3":"status-publish","4":"has-post-thumbnail","6":"product_cat-control-hormigas","7":"product_tag-control-hormigas","8":"product_tag-fumigacion","9":"product_tag-hormigas","11":"first","12":"instock","13":"shipping-taxable","14":"product-type-simple"},"_links":{"self":[{"href":"https:\/\/agroinco.com.bo\/website\/wp-json\/wp\/v2\/product\/11129","targetHints":{"allow":["GET"]}}],"collection":[{"href":"https:\/\/agroinco.com.bo\/website\/wp-json\/wp\/v2\/product"}],"about":[{"href":"https:\/\/agroinco.com.bo\/website\/wp-json\/wp\/v2\/types\/product"}],"wp:featuredmedia":[{"embeddable":true,"href":"https:\/\/agroinco.com.bo\/website\/wp-json\/wp\/v2\/media\/11130"}],"wp:attachment":[{"href":"https:\/\/agroinco.com.bo\/website\/wp-json\/wp\/v2\/media?parent=11129"}],"wp:term":[{"taxonomy":"product_brand","embeddable":true,"href":"https:\/\/agroinco.com.bo\/website\/wp-json\/wp\/v2\/product_brand?post=11129"},{"taxonomy":"product_cat","embeddable":true,"href":"https:\/\/agroinco.com.bo\/website\/wp-json\/wp\/v2\/product_cat?post=11129"},{"taxonomy":"product_tag","embeddable":true,"href":"https:\/\/agroinco.com.bo\/website\/wp-json\/wp\/v2\/product_tag?post=11129"}],"curies":[{"name":"wp","href":"https:\/\/api.w.org\/{rel}","templated":true}]}}