{"id":11195,"date":"2026-02-12T14:34:19","date_gmt":"2026-02-12T13:34:19","guid":{"rendered":"https:\/\/agroinco.com.bo\/website\/?post_type=product&#038;p=11195"},"modified":"2026-02-12T14:34:19","modified_gmt":"2026-02-12T13:34:19","slug":"infusion-manzana-canela-y-miel-x-20-saquitos","status":"publish","type":"product","link":"https:\/\/agroinco.com.bo\/website\/producto\/infusion-manzana-canela-y-miel-x-20-saquitos\/","title":{"rendered":"INFUSI\u00d3N MANZANA, CANELA Y MIEL X 20 SAQUITOS"},"content":{"rendered":"<div class=\"wpb-content-wrapper\"><p>[vc_row][vc_column][vc_column_text css=\u00bb\u00bb woodmart_inline=\u00bbno\u00bb text_larger=\u00bbno\u00bb]Disfrute saboreando esta delicada infusi\u00f3n que combina armoniosamente el delicioso sabor de las manzanas con el perfumado aroma de la canela reci\u00e9n molida y la suavidad de la miel. Viva esta agradable experiencia ideal para deleitarse en cualquier momento del d\u00eda.<br \/>\nIngredientes:Trocitos de manzana, naranja, rosa mosqueta, canela y sabores.[\/vc_column_text][\/vc_column][\/vc_row]<\/p>\n<\/div>","protected":false},"excerpt":{"rendered":"<p>Infusi\u00f3n Manzana, Canela y Miel x 20 Saquitos<\/p>\n","protected":false},"featured_media":11196,"template":"","meta":[],"product_brand":[],"product_cat":[80],"product_tag":[501,500],"class_list":{"0":"post-11195","1":"product","2":"type-product","3":"status-publish","4":"has-post-thumbnail","6":"product_cat-productos-alimenticios","7":"product_tag-infusiones","8":"product_tag-sin-azucar","10":"first","11":"instock","12":"shipping-taxable","13":"product-type-simple"},"_links":{"self":[{"href":"https:\/\/agroinco.com.bo\/website\/wp-json\/wp\/v2\/product\/11195","targetHints":{"allow":["GET"]}}],"collection":[{"href":"https:\/\/agroinco.com.bo\/website\/wp-json\/wp\/v2\/product"}],"about":[{"href":"https:\/\/agroinco.com.bo\/website\/wp-json\/wp\/v2\/types\/product"}],"wp:featuredmedia":[{"embeddable":true,"href":"https:\/\/agroinco.com.bo\/website\/wp-json\/wp\/v2\/media\/11196"}],"wp:attachment":[{"href":"https:\/\/agroinco.com.bo\/website\/wp-json\/wp\/v2\/media?parent=11195"}],"wp:term":[{"taxonomy":"product_brand","embeddable":true,"href":"https:\/\/agroinco.com.bo\/website\/wp-json\/wp\/v2\/product_brand?post=11195"},{"taxonomy":"product_cat","embeddable":true,"href":"https:\/\/agroinco.com.bo\/website\/wp-json\/wp\/v2\/product_cat?post=11195"},{"taxonomy":"product_tag","embeddable":true,"href":"https:\/\/agroinco.com.bo\/website\/wp-json\/wp\/v2\/product_tag?post=11195"}],"curies":[{"name":"wp","href":"https:\/\/api.w.org\/{rel}","templated":true}]}}