{"id":11358,"date":"2026-03-27T20:58:09","date_gmt":"2026-03-27T19:58:09","guid":{"rendered":"https:\/\/agroinco.com.bo\/website\/?post_type=product&#038;p=11358"},"modified":"2026-03-27T21:57:48","modified_gmt":"2026-03-27T20:57:48","slug":"nitromacollo","status":"publish","type":"product","link":"https:\/\/agroinco.com.bo\/website\/producto\/nitromacollo\/","title":{"rendered":"NITROMACOLLO"},"content":{"rendered":"<div class=\"wpb-content-wrapper\"><p>[vc_row][vc_column][vc_column_text css=\u00bb\u00bb woodmart_inline=\u00bbno\u00bb text_larger=\u00bbno\u00bb]Tipo de producto:\u00a0\u00a0\u00a0\u00a0\u00a0\u00a0 FERTILIZANTE \u00a0FOLIAR<\/p>\n<p>Principios Activos:\u00a0\u00a0\u00a0\u00a0\u00a0 Nitr\u00f3geno Total (N) 20,30% p\/p<\/p>\n<p>Nitr\u00f3geno Org\u00e1nico (N) 2,90% p\/p<\/p>\n<p>Nitr\u00f3geno Amoniacal (N) 4,40% p\/p<\/p>\n<p>Nitr\u00f3geno N\u00edtrico (N) 8,70% p\/p<\/p>\n<p>Nitr\u00f3geno Ureico (N) 60,00% p\/p<\/p>\n<p>Materia Org\u00e1nica total 24,00% p\/p<\/p>\n<p>Amino\u00e1cidos Libres 35,00% p\/p<\/p>\n<p>Carbono org\u00e1nico total 22,50% p\/p<\/p>\n<p>Extracto h\u00famico total 22,50% p\/p<\/p>\n<p>\u00c1cidos f\u00falvicos 22,50% p\/p<\/p>\n<p>Formulaci\u00f3n:\u00a0\u00a0\u00a0\u00a0\u00a0\u00a0\u00a0\u00a0\u00a0\u00a0\u00a0\u00a0\u00a0\u00a0 CONSENTRADO SOLUBLE (SL)<\/p>\n<p><strong>NITROMACOLLO<\/strong> es un fertilizante que favorece el desarrollo vegetativo, anti estresante, favorece el desarrollo general de la planta, mejora la eficiencia biol\u00f3gica del cultivo, aumentando la producci\u00f3n y calidad de las cosechas.<\/p>\n<p>Formulaci\u00f3n altamente concentrada a base de nitr\u00f3geno, \u00e1cidos f\u00falvicos y amino\u00e1cidos provenientes de la hidr\u00f3lisis enzim\u00e1tica de prote\u00edna vegetal, para aplicaci\u00f3n foliar y radicular.<\/p>\n<p><strong>NITROMACOLLO<\/strong> es un fertilizante de r\u00e1pida asimilaci\u00f3n, que produce en la planta una reacci\u00f3n vegetativa intensa, reduciendo as\u00ed el gasto energ\u00e9tico de la misma. Balancea la nutrici\u00f3n al favorecer la absorci\u00f3n de micronutrientes.<\/p>\n<p>Aumenta la incorporaci\u00f3n de nitr\u00f3geno en las prote\u00ednas, incrementando la eficacia de los fertilizantes y reduciendo el riesgo de acumulaci\u00f3n de nitratos en las hojas.<\/p>\n<p>Presentaci\u00f3n: 1 L[\/vc_column_text]<div id=\"wd-69c6e17be1e47\" class=\" wd-rs-69c6e17be1e47 vc_custom_1774641542638 wd-button-wrapper text-center\"><a href=\"https:\/\/agroinco.com.bo\/website\/wp-content\/uploads\/2026\/03\/Ficha-Tecnica-NITROMACOLLO.pdf\" title=\"\" target=\"_blank\" class=\"btn btn-style-3d btn-shape-rectangle btn-size-default\">DESCARGAR PDF<\/a><\/div>[\/vc_column][\/vc_row]<\/p>\n<\/div>","protected":false},"excerpt":{"rendered":"<p>&nbsp;<\/p>\n<p>Fertilizante<\/p>\n<p>Nitr\u00f3geno 20%+Materia org\u00e1nica 24%+Amino\u00e1cidos libres 35%+Carbono org\u00e1nico 22,5%+<br \/>\nExtracto h\u00famico 22,5%+Acidos f\u00falvicos 22,5%<\/p>\n","protected":false},"featured_media":11345,"template":"","meta":[],"product_brand":[],"product_cat":[85],"product_tag":[327,600,601,330,539,359,291,602,337,603],"class_list":{"0":"post-11358","1":"product","2":"type-product","3":"status-publish","4":"has-post-thumbnail","6":"product_cat-fertilizantes-bioestimulantes","7":"product_tag-aminoacidos","8":"product_tag-anti-estres","9":"product_tag-balance","10":"product_tag-fertilizantes","11":"product_tag-frutales","12":"product_tag-gramineas","13":"product_tag-hortalizas","14":"product_tag-micronutrientes","15":"product_tag-nitrogeno","16":"product_tag-sanidad-vegetal","18":"first","19":"instock","20":"shipping-taxable","21":"product-type-simple"},"_links":{"self":[{"href":"https:\/\/agroinco.com.bo\/website\/wp-json\/wp\/v2\/product\/11358","targetHints":{"allow":["GET"]}}],"collection":[{"href":"https:\/\/agroinco.com.bo\/website\/wp-json\/wp\/v2\/product"}],"about":[{"href":"https:\/\/agroinco.com.bo\/website\/wp-json\/wp\/v2\/types\/product"}],"wp:featuredmedia":[{"embeddable":true,"href":"https:\/\/agroinco.com.bo\/website\/wp-json\/wp\/v2\/media\/11345"}],"wp:attachment":[{"href":"https:\/\/agroinco.com.bo\/website\/wp-json\/wp\/v2\/media?parent=11358"}],"wp:term":[{"taxonomy":"product_brand","embeddable":true,"href":"https:\/\/agroinco.com.bo\/website\/wp-json\/wp\/v2\/product_brand?post=11358"},{"taxonomy":"product_cat","embeddable":true,"href":"https:\/\/agroinco.com.bo\/website\/wp-json\/wp\/v2\/product_cat?post=11358"},{"taxonomy":"product_tag","embeddable":true,"href":"https:\/\/agroinco.com.bo\/website\/wp-json\/wp\/v2\/product_tag?post=11358"}],"curies":[{"name":"wp","href":"https:\/\/api.w.org\/{rel}","templated":true}]}}